 6750?
2, 3, 5
List the prime factors of 16384.
2
List the prime factors of 700.
2, 5, 7
What are the prime factors of 9055?
5, 1811
What are the prime factors of 8549?
83, 103
List the prime factors of 8471.
43, 197
List the prime factors of 42310.
2, 5, 4231
What are the prime factors of 47?
47
What are the prime factors of 23844?
2, 3, 1987
List the prime factors of 25873.
25873
What are the prime factors of 57996?
2, 3, 179
What are the prime factors of 2266?
2, 11, 103
What are the prime factors of 103427?
59, 1753
What are the prime factors of 1561?
7, 223
What are the prime factors of 1459?
1459
What are the prime factors of 79376?
2, 11, 41
What are the prime factors of 4858?
2, 7, 347
What are the prime factors of 779?
19, 41
What are the prime factors of 29067?
3, 9689
List the prime factors of 9306.
2, 3, 11, 47
What are the prime factors of 16334?
2, 8167
List the prime factors of 356.
2, 89
List the prime factors of 8143.
17, 479
List the prime factors of 13801.
37, 373
List the prime factors of 68485.
5, 13697
What are the prime factors of 11549?
11549
List the prime factors of 2573.
31, 83
List the prime factors of 7305.
3, 5, 487
List the prime factors of 199952.
2, 12497
List the prime factors of 4083.
3, 1361
List the prime factors of 696.
2, 3, 29
List the prime factors of 4465.
5, 19, 47
List the prime factors of 1737.
3, 193
What are the prime factors of 17436?
2, 3, 1453
List the prime factors of 7630.
2, 5, 7, 109
What are the prime factors of 761?
761
What are the prime factors of 3630?
2, 3, 5, 11
What are the prime factors of 63548?
2, 15887
List the prime factors of 262.
2, 131
List the prime factors of 31986.
2, 3, 1777
What are the prime factors of 2155?
5, 431
What are the prime factors of 56541?
3, 47, 401
List the prime factors of 7083.
3, 787
List the prime factors of 4688.
2, 293
What are the prime factors of 6106?
2, 43, 71
What are the prime factors of 3077?
17, 181
What are the prime factors of 3388?
2, 7, 11
List the prime factors of 4153.
4153
List the prime factors of 52753.
71, 743
List the prime factors of 391.
17, 23
List the prime factors of 1559.
1559
List the prime factors of 708.
2, 3, 59
What are the prime factors of 565?
5, 113
List the prime factors of 6703.
6703
What are the prime factors of 7080?
2, 3, 5, 59
List the prime factors of 722.
2, 19
List the prime factors of 3906.
2, 3, 7, 31
What are the prime factors of 20804?
2, 7, 743
What are the prime factors of 3951?
3, 439
What are the prime factors of 3135?
3, 5, 11, 19
What are the prime factors of 10608?
2, 3, 13, 17
What are the prime factors of 2962?
2, 1481
What are the prime factors of 23149?
7, 3307
List the prime factors of 20427.
3, 11, 619
What are the prime factors of 9577?
61, 157
What are the prime factors of 152?
2, 19
List the prime factors of 5594.
2, 2797
List the prime factors of 36893.
79, 467
List the prime factors of 245.
5, 7
List the prime factors of 16578.
2, 3, 307
What are the prime factors of 1119?
3, 373
What are the prime factors of 8002?
2, 4001
What are the prime factors of 81335?
5, 16267
What are the prime factors of 14093?
17, 829
List the prime factors of 215.
5, 43
List the prime factors of 40624.
2, 2539
List the prime factors of 14083.
14083
List the prime factors of 50026.
2, 25013
What are the prime factors of 27773?
27773
List the prime factors of 3490.
2, 5, 349
List the prime factors of 33558.
2, 3, 7, 17, 47
List the prime factors of 4782.
2, 3, 797
List the prime factors of 206.
2, 103
List the prime factors of 7217.
7, 1031
What are the prime factors of 73815?
3, 5, 7, 19, 37
What are the prime factors of 14093?
17, 829
List the prime factors of 30097.
30097
What are the prime factors of 23302?
2, 61, 191
What are the prime factors of 22930?
2, 5, 2293
List the prime factors of 27033.
3, 9011
List the prime factors of 8781.
3, 2927
What are the prime factors of 40659?
3, 13553
List the prime factors of 246.
2, 3, 41
What are the prime factors of 11637?
3, 431
What are the prime factors of 1807?
13, 139
What are the prime factors of 14705?
5, 17, 173
What are the prime factors of 42?
2, 3, 7
What are the prime factors of 95739?
3, 7, 47, 97
What are the prime factors of 1104?
2, 3, 23
What are the prime factors of 70364?
2, 7, 359
List the prime factors of 4568.
2, 571
List the prime factors of 2192.
2, 137
What are the prime factors of 37448?
2, 31, 151
List the prime factors of 3404.
2, 23, 37
What are the prime factors of 7894?
2, 3947
What are the prime factors of 3788?
2, 947
What are the prime factors of 58210?
2, 5, 5821
What are the prime factors of 10646?
2, 5323
What are the prime factors of 117115?
5, 59, 397
What are the prime factors of 20814?
2, 3, 3469
List the prime factors of 115201.
115201
List the prime factors of 1772.
2, 443
List the prime factors of 190.
2, 5, 19
List the prime factors of 7729.
59, 131
List the prime factors of 8281.
7, 13
What are the prime factors of 407?
11, 37
What are the prime factors of 3405?
3, 5, 227
What are the prime factors of 11025?
3, 5, 7
List the prime factors of 26108.
2, 61, 107
What are the prime factors of 6077?
59, 103
List the prime factors of 2599.
23, 113
What are the prime factors of 3209?
3209
What are the prime factors of 48070?
2, 5, 11, 19, 23
List the prime factors of 21832.
2, 2729
List the prime factors of 122.
2, 61
What are the prime factors of 47135?
5, 11, 857
List the prime factors of 5289.
3, 41, 43
List the prime factors of 3799.
29, 131
What are the prime factors of 2812?
2, 19, 37
What are the prime factors of 103?
103
List the prime factors of 859.
859
What are the prime factors of 8794?
2, 4397
What are the prime factors of 389?
389
List the prime factors of 4190.
2, 5, 419
What are the prime factors of 1898?
2, 13, 73
What are the prime factors of 5507?
5507
What are the prime factors of 1853?
17, 109
List the prime factors of 5922.
2, 3, 7, 47
List the prime factors of 9225.
3, 5, 41
What are the prime factors of 50379?
3, 7, 2399
List the prime factors of 24508.
2, 11, 557
List the prime factors of 3837.
3, 1279
List the prime factors of 49915.
5, 67, 149
What are the prime factors of 14513?
23, 631
What are the prime factors of 5005?
5, 7, 11, 13
What are the prime factors of 7916?
2, 1979
List the prime factors of 20922.
2, 3, 11, 317
What are the prime factors of 27003?
3, 9001
What are the prime factors of 8262?
2, 3, 17
List the prime factors of 1081.
23, 47
What are the prime factors of 3384?
2, 3, 47
List the prime factors of 5640.
2, 3, 5, 47
List the prime factors of 36155.
5, 7, 1033
List the prime factors of 1028.
2, 257
List the prime factors of 166120.
2, 5, 4153
List the prime factors of 25144.
2, 7, 449
What are the prime factors of 504?
2, 3, 7
What are the prime factors of 4978?
2, 19, 131
What are the prime factors of 17814?
2, 3, 2969
List the prime factors of 69309.
3, 17, 151
List the prime factors of 5498.
2, 2749
List the prime factors of 33759.
3, 11, 31
What are the prime factors of 168?
2, 3, 7
List the prime factors of 2829.
3, 23, 41
List the prime factors of 1514.
2, 757
What are the prime factors of 124478?
2, 109, 571
What are the prime factors of 1529?
11, 139
List the prime factors of 3200.
2, 5
List the prime factors of 77772.
2, 3, 6481
List the prime factors of 2790.
2, 3, 5, 31
What are the prime factors of 190437?
3, 13, 19, 257
What are the prime factors of 25?
5
What are the prime factors of 3165?
3, 5, 211
List the prime factors of 872.
2, 109
List the prime factors of 478.
2, 239
List the prime factors of 6760.
2, 5, 13
What are the prime factors of 977?
977
What are the prime factors of 66100?
2, 5, 661
List the prime factors of 84260.
2, 5, 11, 383
What are the prime factors of 12478?
2, 17, 367
List the prime factors of 5504.
2, 43
What are the prime factors of 825?
3, 5, 11
What are the prime factors of 111702?
2, 3, 18617
List the prime factors of 29836.
2, 7459
What are the prime factors of 100656?
2, 3, 233
List the prime factors of 538.
2, 269
What are the prime factors of 9900?
2, 3, 5, 11
List the prime factors of 36018.
2, 3, 23, 29
What are the prime factors of 861?
3, 7, 41
List the prime factors of 2444.
2, 13, 47
List the prime factors of 123451.
41,